nds digit of 588409112?
0
What is the millions digit of 572008328?
2
What is the thousands digit of 795765399?
5
What is the ten millions digit of 1304006107?
0
What is the units digit of 81968389?
9
What is the ten millions digit of 2157136748?
5
What is the ten thousands digit of 122069269?
6
What is the tens digit of 348903697?
9
What is the thousands digit of 77396247?
6
What is the ten thousands digit of 28848863?
4
What is the thousands digit of 258553397?
3
What is the ten thousands digit of 45399492?
9
What is the hundreds digit of 105257655?
6
What is the hundreds digit of 1812305607?
6
What is the ten thousands digit of 98204645?
0
What is the hundred millions digit of 1166496946?
1
What is the ten thousands digit of 319736374?
3
What is the ten thousands digit of 1176229230?
2
What is the ten thousands digit of 115026197?
2
What is the thousands digit of 920859268?
9
What is the hundred millions digit of 3796268594?
7
What is the thousands digit of 426884836?
4
What is the units digit of 148171629?
9
What is the units digit of 560548585?
5
What is the hundreds digit of 174313963?
9
What is the millions digit of 213476156?
3
What is the hundreds digit of 7034329?
3
What is the hundreds digit of 1565076368?
3
What is the ten thousands digit of 72967710?
6
What is the hundreds digit of 477459182?
1
What is the units digit of 92284742?
2
What is the hundred millions digit of 138596651?
1
What is the millions digit of 2044895065?
4
What is the hundred millions digit of 127047095?
1
What is the hundred millions digit of 171947081?
1
What is the ten millions digit of 292963741?
9
What is the hundred thousands digit of 119815650?
8
What is the hundred thousands digit of 347842616?
8
What is the ten millions digit of 1390726174?
9
What is the millions digit of 47656599?
7
What is the hundred thousands digit of 310820590?
8
What is the thousands digit of 331163830?
3
What is the hundred thousands digit of 73486177?
4
What is the tens digit of 2112779296?
9
What is the hundreds digit of 4288708818?
8
What is the billions digit of 1091530504?
1
What is the hundred thousands digit of 1046563657?
5
What is the hundred thousands digit of 11344828?
3
What is the hundred millions digit of 4720505844?
7
What is the ten millions digit of 1526381042?
2
What is the thousands digit of 122381981?
1
What is the hundred millions digit of 281081732?
2
What is the thousands digit of 210187428?
7
What is the units digit of 1589185670?
0
What is the ten millions digit of 361286574?
6
What is the tens digit of 72694692?
9
What is the hundred thousands digit of 13249796?
2
What is the tens digit of 1910207486?
8
What is the millions digit of 645617316?
5
What is the hundreds digit of 436634326?
3
What is the hundreds digit of 2643818?
8
What is the hundred thousands digit of 1648733465?
7
What is the thousands digit of 794302567?
2
What is the units digit of 19927591?
1
What is the thousands digit of 677711969?
1
What is the millions digit of 123730218?
3
What is the thousands digit of 1106149831?
9
What is the hundreds digit of 66690997?
9
What is the thousands digit of 737659?
7
What is the ten thousands digit of 48138679?
3
What is the hundreds digit of 51898529?
5
What is the ten millions digit of 43872910?
4
What is the tens digit of 8373068?
6
What is the hundreds digit of 7544692?
6
What is the ten thousands digit of 66101665?
0
What is the units digit of 277444708?
8
What is the hundred thousands digit of 42066048?
0
What is the tens digit of 34221047?
4
What is the thousands digit of 171282704?
2
What is the units digit of 573502820?
0
What is the tens digit of 3852445857?
5
What is the ten millions digit of 109123502?
0
What is the ten thousands digit of 782706485?
0
What is the hundreds digit of 13499250?
2
What is the billions digit of 7262875806?
7
What is the units digit of 816671331?
1
What is the tens digit of 189657984?
8
What is the thousands digit of 1851460468?
0
What is the units digit of 187202578?
8
What is the billions digit of 1850408058?
1
What is the units digit of 41362602?
2
What is the millions digit of 5549108?
5
What is the ten thousands digit of 1295765591?
6
What is the hundred thousands digit of 474248001?
2
What is the units digit of 368020064?
4
What is the thousands digit of 66288046?
8
What is the tens digit of 6726334?
3
What is the hundreds digit of 456458244?
2
What is the hundred millions digit of 609220502?
6
What is the ten millions digit of 521969050?
2
What is the millions digit of 143511048?
3
What is the ten millions digit of 262586827?
6
What is the millions digit of 376585593?
6
What is the hundred millions digit of 147969028?
1
What is the hundred thousands digit of 1610892951?
8
What is the hundred thousands digit of 1971273249?
2
What is the tens digit of 671342780?
8
What is the tens digit of 2860466693?
9
What is the thousands digit of 149417813?
7
What is the hundreds digit of 61377108?
1
What is the hundreds digit of 2041866811?
8
What is the hundreds digit of 354000437?
4
What is the ten thousands digit of 258101267?
0
What is the hundred millions digit of 217883211?
2
What is the thousands digit of 523559751?
9
What is the thousands digit of 71366676?
6
What is the ten millions digit of 2394048353?
9
What is the hundred millions digit of 129086543?
1
What is the thousands digit of 367362909?
2
What is the units digit of 1995425?
5
What is the millions digit of 150522576?
0
What is the hundred thousands digit of 5315693205?
6
What is the hundred millions digit of 146881445?
1
What is the tens digit of 5006587707?
0
What is the tens digit of 4667916?
1
What is the ten millions digit of 391715546?
9
What is the units digit of 598147490?
0
What is the ten thousands digit of 1784805478?
0
What is the thousands digit of 106847262?
7
What is the hundreds digit of 144108822?
8
What is the hundreds digit of 13046094?
0
What is the hundred thousands digit of 753068292?
0
What is the ten millions digit of 7235238733?
3
What is the hundreds digit of 753751142?
1
What is the millions digit of 39041023?
9
What is the ten millions digit of 152078689?
5
What is the ten thousands digit of 2397852897?
5
What is the tens digit of 117368308?
0
What is the tens digit of 1404130525?
2
What is the hundred thousands digit of 129879490?
8
What is the ten thousands digit of 2073507912?
0
What is the hundreds digit of 49391648?
6
What is the hundreds digit of 4691751734?
7
What is the hundred millions digit of 2744749022?
7
What is the hundreds digit of 775567016?
0
What is the units digit of 187181319?
9
What is the tens digit of 38958719?
1
What is the ten millions digit of 294314006?
9
What is the ten millions digit of 307781673?
0
What is the ten thousands digit of 240481594?
8
What is the ten thousands digit of 31515027?
1
What is the hundred thousands digit of 1016821252?
8
What is the millions digit of 25544376?
5
What is the hundred thousands digit of 200482939?
4
What is the millions digit of 37208008?
7
What is the hundreds digit of 5536804370?
3
What is the hundreds digit of 1474668451?
4
What is the thousands digit of 41792560?
2
What is the hundred thousands digit of 352496035?
4
What is the thousands digit of 3816466208?
6
What is the hundred millions digit of 1168494985?
1
What is the units digit of 977237074?
4
What is the units digit of 141838570?
0
What is the units digit of 544984014?
4
What is the ten thousands digit of 71498681?
9
What is the hundreds digit of 72854022?
0
What is the hundred thousands digit of 172219317?
2
What is the units digit of 21685614?
4
What is the units digit of 902710986?
6
What is the hundred thousands digit of 7451142499?
1
What is the hundred thousands digit of 879216062?
2
What is the hundreds digit of 129009881?
8
What is the millions digit of 564184843?
4
What is the millions digit of 519306594?
9
What is the ten millions digit of 7625652374?
2
What is the tens digit of 1501484523?
2
What is the ten thousands digit of 9178659?
7
What is the hundred thousands digit of 107172613?
1
What is the millions digit of 6348650?
6
What is the thousands digit of 115352140?
2
What is the thousands digit of 2835427524?
7
What is the ten millions digit of 759698984?
5
What is the ten mil